{"id":5211,"date":"2020-02-22T10:17:22","date_gmt":"2020-02-22T15:17:22","guid":{"rendered":"http:\/\/memoire.mile-end.qc.ca\/?page_id=5211"},"modified":"2024-06-01T15:04:05","modified_gmt":"2024-06-01T19:04:05","slug":"calendrier-2020","status":"publish","type":"page","link":"http:\/\/memoire.mile-end.qc.ca\/en\/calendrier-2\/calendrier-2020\/","title":{"rendered":"2020 Calendar"},"content":{"rendered":"<p><\/p>\n<h2>Upcoming Activities in 2020<\/h2>\n<p><em>Note<\/em>: the calendar is subject to change. Usually, activities will be confirmed by an article on this web site, in an email newsletter (<!--<a href=\"http:\/\/eepurl.com\/gxA8Dz\">-->click here<!--<\/a>-->\u00a0to subscribe), and on\u00a0<a href=\"https:\/\/www.facebook.com\/memoire.mile.end\">Facebook<\/a>.<\/p>\n<hr \/>\n<h3>Talks at the\u00a0<a href=\"http:\/\/ville.montreal.qc.ca\/plateau\/bibliothequedumileend\">Mordecai-Richler Library<\/a>\u00a0\u2013\u00a0winter-spring series<\/h3>\n<p>Series of free talks, one Sunday per month at 2 pm. Presentations in French, bilingual question period<\/p>\n<ul>\n<li>Sunday 23 February, 2 pm :\u00a0<strong>Histories of Greek immigration<\/strong>. Le Mile End fut, du d\u00e9but des ann\u00e9es 1950 jusqu\u2019aux ann\u00e9es 1970, l\u2019un des principaux quartiers d\u2019accueil de la communaut\u00e9 grecque montr\u00e9alaise. Le projet Immigrec a recueilli les m\u00e9moires de ceux et celles qui s\u2019y install\u00e8rent \u00e0 la recherche d\u2019une vie nouvelle. Ce projet a donn\u00e9 naissance au Mus\u00e9e virtuel de l\u2019immigration grecque au Canada, que nous serons heureux de vous pr\u00e9senter au cours de cette conf\u00e9rence.<br \/>\nImmigrec a \u00e9t\u00e9 cr\u00e9\u00e9 par un consortium form\u00e9 par des chercheurs de quatre universit\u00e9s (McGill, Simon Fraser, York et Patras en Gr\u00e8ce). Il a recueilli des centaines de t\u00e9moignages de Grecs ayant immigr\u00e9 au Canada entre 1945 et 1975. Facebook event:\u00a0<a href=\"https:\/\/www.facebook.com\/events\/3875174082508329\/\">https:\/\/www.facebook.com\/events\/3875174082508329\/<\/a><\/li>\n<li><del>Sunday 8 March, 2 pm :\u00a0<strong>March 8, women and Mile End<\/strong>.<\/del>\u00a0 This activity is cancelled for reasons beyond our control.<\/li>\n<li><del>Sunday 19 April, 2 pm :\u00a0<strong>Mile End through the years.\u00a0<\/strong>Le Mile End est un quartier qui ne cesse de se transformer. On perd souvent trop rapidement la m\u00e9moire des commerces et des lieux qui ont contribu\u00e9 \u00e0 son identit\u00e9. Nous vous proposons, gr\u00e2ce \u00e0 une projection de nombreuses photos d\u2019\u00e9poque du quartier, de d\u00e9couvrir les traces laiss\u00e9es par ces lieux de m\u00e9moire. Facebook event:\u00a0<a href=\"https:\/\/www.facebook.com\/events\/592985014580260\/\">https:\/\/www.facebook.com\/events\/592985014580260\/<\/a><\/del>  This activity is cancelled as a result of the closing of all public libraries because of the Covid-19 pandemic.<\/li>\n<\/ul>\n<hr \/>\n<p>Wondering what we&#8217;ve done previously? <a href=\"http:\/\/memoire.mile-end.qc.ca\/calendrier-2019\/\">2019 calendar<\/a> \u2013\u00a0<a href=\"\/calendrier-2018\/\">2018 calendar<\/a> \u2013\u00a0<a href=\"\/calendrier-2017\/\">2017 calendar<\/a> \u2013\u00a0<a href=\"\/calendrier-2016\/\">2016 calendar<\/a> \u2013\u00a0<a href=\"\/calendrier-2015\/\">2015 calendar<\/a><\/p>\n<p>For previous years, consult our annual reports of activities (PDF, about 4 MB each).<\/p>\n<p><a href=\"\/wp-content\/uploads\/MME-rapport2014.pdf\">2014<\/a>\u00a0\u2022\u00a0<a href=\"\/wp-content\/uploads\/MME-rapport2013.pdf\">2013<\/a>\u00a0\u2022\u00a0<a href=\"\/wp-content\/uploads\/MME-rapport2012.pdf\">2012<\/a><\/p>","protected":false},"excerpt":{"rendered":"<p>Upcoming Activities in 2020 Note: the calendar is subject to change. Usually, activities will be confirmed by an article on this web site, in an email newsletter (click here\u00a0to subscribe), and on\u00a0Facebook. Talks at the\u00a0Mordecai-Richler Library\u00a0\u2013\u00a0winter-spring series Series of free talks, one Sunday per month at 2 pm. Presentations in French, bilingual question period Sunday [&hellip;]<\/p>\n","protected":false},"author":3,"featured_media":0,"parent":5785,"menu_order":0,"comment_status":"closed","ping_status":"closed","template":"","meta":[],"_links":{"self":[{"href":"http:\/\/memoire.mile-end.qc.ca\/en\/wp-json\/wp\/v2\/pages\/5211"}],"collection":[{"href":"http:\/\/memoire.mile-end.qc.ca\/en\/wp-json\/wp\/v2\/pages"}],"about":[{"href":"http:\/\/memoire.mile-end.qc.ca\/en\/wp-json\/wp\/v2\/types\/page"}],"author":[{"embeddable":true,"href":"http:\/\/memoire.mile-end.qc.ca\/en\/wp-json\/wp\/v2\/users\/3"}],"replies":[{"embeddable":true,"href":"http:\/\/memoire.mile-end.qc.ca\/en\/wp-json\/wp\/v2\/comments?post=5211"}],"version-history":[{"count":7,"href":"http:\/\/memoire.mile-end.qc.ca\/en\/wp-json\/wp\/v2\/pages\/5211\/revisions"}],"predecessor-version":[{"id":6438,"href":"http:\/\/memoire.mile-end.qc.ca\/en\/wp-json\/wp\/v2\/pages\/5211\/revisions\/6438"}],"up":[{"embeddable":true,"href":"http:\/\/memoire.mile-end.qc.ca\/en\/wp-json\/wp\/v2\/pages\/5785"}],"wp:attachment":[{"href":"http:\/\/memoire.mile-end.qc.ca\/en\/wp-json\/wp\/v2\/media?parent=5211"}],"curies":[{"name":"wp","href":"https:\/\/api.w.org\/{rel}","templated":true}]}}

<p></p>
<h2>Upcoming Activities in 2020</h2>
<p><em>Note</em>: the calendar is subject to change. Usually, activities will be confirmed by an article on this web site, in an email newsletter (<!--<a href="http://eepurl.com/gxA8Dz">-->click here<!--</a>--> to subscribe), and on <a href="https://www.facebook.com/memoire.mile.end">Facebook</a>.</p>
<hr />
<h3>Talks at the <a href="http://ville.montreal.qc.ca/plateau/bibliothequedumileend">Mordecai-Richler Library</a> – winter-spring series</h3>
<p>Series of free talks, one Sunday per month at 2 pm. Presentations in French, bilingual question period</p>
<ul>
<li>Sunday 23 February, 2 pm : <strong>Histories of Greek immigration</strong>. Le Mile End fut, du début des années 1950 jusqu’aux années 1970, l’un des principaux quartiers d’accueil de la communauté grecque montréalaise. Le projet Immigrec a recueilli les mémoires de ceux et celles qui s’y installèrent à la recherche d’une vie nouvelle. Ce projet a donné naissance au Musée virtuel de l’immigration grecque au Canada, que nous serons heureux de vous présenter au cours de cette conférence.<br />
Immigrec a été créé par un consortium formé par des chercheurs de quatre universités (McGill, Simon Fraser, York et Patras en Grèce). Il a recueilli des centaines de témoignages de Grecs ayant immigré au Canada entre 1945 et 1975. Facebook event: <a href="https://www.facebook.com/events/3875174082508329/">https://www.facebook.com/events/3875174082508329/</a></li>
<li><del>Sunday 8 March, 2 pm : <strong>March 8, women and Mile End</strong>.</del>  This activity is cancelled for reasons beyond our control.</li>
<li><del>Sunday 19 April, 2 pm : <strong>Mile End through the years. </strong>Le Mile End est un quartier qui ne cesse de se transformer. On perd souvent trop rapidement la mémoire des commerces et des lieux qui ont contribué à son identité. Nous vous proposons, grâce à une projection de nombreuses photos d’époque du quartier, de découvrir les traces laissées par ces lieux de mémoire. Facebook event: <a href="https://www.facebook.com/events/592985014580260/">https://www.facebook.com/events/592985014580260/</a></del>  This activity is cancelled as a result of the closing of all public libraries because of the Covid-19 pandemic.</li>
</ul>
<hr />
<p>Wondering what we&#8217;ve done previously? <a href="http://memoire.mile-end.qc.ca/calendrier-2019/">2019 calendar</a> – <a href="/calendrier-2018/">2018 calendar</a> – <a href="/calendrier-2017/">2017 calendar</a> – <a href="/calendrier-2016/">2016 calendar</a> – <a href="/calendrier-2015/">2015 calendar</a></p>
<p>For previous years, consult our annual reports of activities (PDF, about 4 MB each).</p>
<p><a href="/wp-content/uploads/MME-rapport2014.pdf">2014</a> • <a href="/wp-content/uploads/MME-rapport2013.pdf">2013</a> • <a href="/wp-content/uploads/MME-rapport2012.pdf">2012</a></p>
