{"id":3348,"date":"2015-09-02T16:38:44","date_gmt":"2015-09-02T20:38:44","guid":{"rendered":"http:\/\/memoire.mile-end.qc.ca\/?page_id=3348"},"modified":"2021-03-20T19:24:31","modified_gmt":"2021-03-20T23:24:31","slug":"carte","status":"publish","type":"page","link":"http:\/\/memoire.mile-end.qc.ca\/fr\/carte\/","title":{"rendered":"Carte historique"},"content":{"rendered":"<p>\t\t<div id=\"maps-marker-pro-b746a60a\" class=\"maps-marker-pro mmp-list-below\" style=\"width: 80%;\">\n\t\t\t<div id=\"mmp-map-wrap-b746a60a\" class=\"mmp-map-wrap\">\n\t\t\t\t\t\t\t\t\t<div id=\"mmp-panel-b746a60a\" class=\"mmp-panel\"><\/div>\n\t\t\t\t\t\t\t\t<div id=\"mmp-map-b746a60a\" class=\"mmp-map\" style=\"height: 500px;\"><\/div>\n\t\t\t\t\t\t\t<\/div>\n\t\t\t\t\t\t\t<div id=\"mmp-list-b746a60a\" class=\"mmp-list\" style=\"flex-basis: 400px;\"><\/div>\n\t\t\t\t\t<\/div>\n\t\t<\/p>\n<hr \/>\n<p>Ce projet a b\u00e9n\u00e9fici\u00e9 du soutien financier du minist\u00e8re de la Culture et des Communications du Qu\u00e9bec et de la Ville de Montr\u00e9al dans le cadre de l&#8217;Entente sur le d\u00e9veloppement culturel de Montr\u00e9al.<\/p>\n<table>\n<tbody>\n<tr>\n<td><img loading=\"lazy\" class=\"size-full wp-image-3913 alignright\" src=\"http:\/\/memoire.mile-end.qc.ca\/wp-content\/uploads\/logo-montreal-60.png\" alt=\"logo-montreal-60\" width=\"237\" height=\"60\" \/><\/td>\n<td><img loading=\"lazy\" class=\"size-full wp-image-3914 alignleft\" src=\"http:\/\/memoire.mile-end.qc.ca\/wp-content\/uploads\/quebw3.png\" alt=\"quebw3\" width=\"199\" height=\"60\" \/><\/td>\n<\/tr>\n<\/tbody>\n<\/table>\n<p>Une partie de la recherche est soutenue par le Laboratoire d&#8217;histoire et de patrimoine de Montr\u00e9al de l&#8217;Universit\u00e9 du Qu\u00e9bec \u00e0 Montr\u00e9al.<br \/>\n<img loading=\"lazy\" class=\"aligncenter size-full wp-image-3921\" src=\"http:\/\/memoire.mile-end.qc.ca\/wp-content\/uploads\/logo-uqam-lhpm-couleur-petit.png\" alt=\"logo-uqam-lhpm-couleur-petit\" width=\"404\" height=\"103\" \/><\/p>","protected":false},"excerpt":{"rendered":"<p>Ce projet a b\u00e9n\u00e9fici\u00e9 du soutien financier du minist\u00e8re de la Culture et des Communications du Qu\u00e9bec et de la Ville de Montr\u00e9al dans le cadre de l&#8217;Entente sur le d\u00e9veloppement culturel de Montr\u00e9al. Une partie de la recherche est soutenue par le Laboratoire d&#8217;histoire et de patrimoine de Montr\u00e9al de l&#8217;Universit\u00e9 du Qu\u00e9bec \u00e0 [&hellip;]<\/p>\n","protected":false},"author":3,"featured_media":0,"parent":0,"menu_order":0,"comment_status":"closed","ping_status":"closed","template":"","meta":[],"_links":{"self":[{"href":"http:\/\/memoire.mile-end.qc.ca\/fr\/wp-json\/wp\/v2\/pages\/3348"}],"collection":[{"href":"http:\/\/memoire.mile-end.qc.ca\/fr\/wp-json\/wp\/v2\/pages"}],"about":[{"href":"http:\/\/memoire.mile-end.qc.ca\/fr\/wp-json\/wp\/v2\/types\/page"}],"author":[{"embeddable":true,"href":"http:\/\/memoire.mile-end.qc.ca\/fr\/wp-json\/wp\/v2\/users\/3"}],"replies":[{"embeddable":true,"href":"http:\/\/memoire.mile-end.qc.ca\/fr\/wp-json\/wp\/v2\/comments?post=3348"}],"version-history":[{"count":20,"href":"http:\/\/memoire.mile-end.qc.ca\/fr\/wp-json\/wp\/v2\/pages\/3348\/revisions"}],"predecessor-version":[{"id":5387,"href":"http:\/\/memoire.mile-end.qc.ca\/fr\/wp-json\/wp\/v2\/pages\/3348\/revisions\/5387"}],"wp:attachment":[{"href":"http:\/\/memoire.mile-end.qc.ca\/fr\/wp-json\/wp\/v2\/media?parent=3348"}],"curies":[{"name":"wp","href":"https:\/\/api.w.org\/{rel}","templated":true}]}}

<p>		<div id="maps-marker-pro-b746a60a" class="maps-marker-pro mmp-list-below" style="width: 80%;">
			<div id="mmp-map-wrap-b746a60a" class="mmp-map-wrap">
									<div id="mmp-panel-b746a60a" class="mmp-panel"></div>
								<div id="mmp-map-b746a60a" class="mmp-map" style="height: 500px;"></div>
							</div>
							<div id="mmp-list-b746a60a" class="mmp-list" style="flex-basis: 400px;"></div>
					</div>
		</p>
<hr />
<p>Ce projet a bénéficié du soutien financier du ministère de la Culture et des Communications du Québec et de la Ville de Montréal dans le cadre de l&#8217;Entente sur le développement culturel de Montréal.</p>
<table>
<tbody>
<tr>
<td><img loading="lazy" class="size-full wp-image-3913 alignright" src="http://memoire.mile-end.qc.ca/wp-content/uploads/logo-montreal-60.png" alt="logo-montreal-60" width="237" height="60" /></td>
<td><img loading="lazy" class="size-full wp-image-3914 alignleft" src="http://memoire.mile-end.qc.ca/wp-content/uploads/quebw3.png" alt="quebw3" width="199" height="60" /></td>
</tr>
</tbody>
</table>
<p>Une partie de la recherche est soutenue par le Laboratoire d&#8217;histoire et de patrimoine de Montréal de l&#8217;Université du Québec à Montréal.<br />
<img loading="lazy" class="aligncenter size-full wp-image-3921" src="http://memoire.mile-end.qc.ca/wp-content/uploads/logo-uqam-lhpm-couleur-petit.png" alt="logo-uqam-lhpm-couleur-petit" width="404" height="103" /></p>

<p>Ce projet a bénéficié du soutien financier du ministère de la Culture et des Communications du Québec et de la Ville de Montréal dans le cadre de l&#8217;Entente sur le développement culturel de Montréal. Une partie de la recherche est soutenue par le Laboratoire d&#8217;histoire et de patrimoine de Montréal de l&#8217;Université du Québec à [&hellip;]</p>
