{"id":787,"date":"2012-11-06T01:13:28","date_gmt":"2012-11-06T06:13:28","guid":{"rendered":"http:\/\/mile-end.qc.ca\/?page_id=787"},"modified":"2017-05-07T10:27:23","modified_gmt":"2017-05-07T14:27:23","slug":"histoire-du-quartier","status":"publish","type":"page","link":"http:\/\/memoire.mile-end.qc.ca\/fr\/histoire-du-quartier\/","title":{"rendered":"Histoire du quartier"},"content":{"rendered":"<p><\/p>\n<div class=\"row widget-area\">\n<div class=\"span4 fp-one\">\n<div class=\"widget-front\">\n<div class=\"thumb-wrapper \"><img loading=\"lazy\" class=\"attachment-tc-thumb tc-thumb-type-thumb wp-post-image\" src=\"\/wp-content\/uploads\/histoire-270x250.png\" alt=\"Histoire du Mile End\" width=\"270\" height=\"250\" \/><\/div>\n<h2>Histoire du Mile End<\/h2>\n<p class=\"fp-text-one\">Chapitres d&#8217;une histoire d\u00e9taill\u00e9e du quartier\u00a0par Yves Desjardins. Une version revue et corrig\u00e9e a \u00e9t\u00e9 publi\u00e9e en 2017 aux \u00e9ditions du Septentrion.<\/p>\n<p><a class=\"btn btn-primary fp-button\" title=\"Histoire du Mile End\" href=\"\/?cat=25&amp;lang=fr\">En savoir plus \u00bb<\/a><\/p>\n<\/div>\n<\/div>\n<div class=\"span4 fp-two\">\n<div class=\"widget-front\">\n<div class=\"thumb-wrapper \"><img loading=\"lazy\" class=\"attachment-tc-thumb tc-thumb-type-thumb wp-post-image\" src=\"\/wp-content\/uploads\/capsules-270x250.png\" alt=\"Capsules historiques\" width=\"270\" height=\"250\" \/><\/div>\n<h2>Capsules historiques<\/h2>\n<p class=\"fp-text-two\">R\u00e9dig\u00e9s par des membres et amis de M\u00e9moire du Mile End<\/p>\n<p><a class=\"btn btn-primary fp-button\" title=\"Capsules historiques\" href=\"\/?cat=26&amp;lang=fr\">En savoir plus \u00bb<\/a><\/p>\n<\/div>\n<\/div>\n<div class=\"span4 fp-three\">\n<div class=\"widget-front\">\n<div class=\"thumb-wrapper \"><img loading=\"lazy\" class=\"attachment-tc-thumb tc-thumb-type-thumb wp-post-image\" src=\"\/wp-content\/uploads\/capsules-270x250.png\" alt=\"Portraits du quartier\" width=\"270\" height=\"250\" \/><\/div>\n<h2>Portraits du quartier<\/h2>\n<p class=\"fp-text-two\">Des portraits de quelques personnes qui ont marqu\u00e9 le quartier derni\u00e8rement. De l&#8217;histoire r\u00e9cente et plus personnelle.<\/p>\n<p><a class=\"btn btn-primary fp-button\" title=\"Portraits du quartier\" href=\"\/?cat=36&amp;lang=fr\">En savoir plus \u00bb<\/a><\/p>\n<\/div>\n<\/div>\n<\/div>\n<p><\/p>","protected":false},"excerpt":{"rendered":"<p>Histoire du Mile End Chapitres d&#8217;une histoire d\u00e9taill\u00e9e du quartier\u00a0par Yves Desjardins. Une version revue et corrig\u00e9e a \u00e9t\u00e9 publi\u00e9e en 2017 aux \u00e9ditions du Septentrion. En savoir plus \u00bb Capsules historiques R\u00e9dig\u00e9s par des membres et amis de M\u00e9moire du Mile End En savoir plus \u00bb Portraits du quartier Des portraits de quelques personnes [&hellip;]<\/p>\n","protected":false},"author":3,"featured_media":1161,"parent":0,"menu_order":0,"comment_status":"closed","ping_status":"closed","template":"","meta":[],"_links":{"self":[{"href":"http:\/\/memoire.mile-end.qc.ca\/fr\/wp-json\/wp\/v2\/pages\/787"}],"collection":[{"href":"http:\/\/memoire.mile-end.qc.ca\/fr\/wp-json\/wp\/v2\/pages"}],"about":[{"href":"http:\/\/memoire.mile-end.qc.ca\/fr\/wp-json\/wp\/v2\/types\/page"}],"author":[{"embeddable":true,"href":"http:\/\/memoire.mile-end.qc.ca\/fr\/wp-json\/wp\/v2\/users\/3"}],"replies":[{"embeddable":true,"href":"http:\/\/memoire.mile-end.qc.ca\/fr\/wp-json\/wp\/v2\/comments?post=787"}],"version-history":[{"count":41,"href":"http:\/\/memoire.mile-end.qc.ca\/fr\/wp-json\/wp\/v2\/pages\/787\/revisions"}],"predecessor-version":[{"id":4081,"href":"http:\/\/memoire.mile-end.qc.ca\/fr\/wp-json\/wp\/v2\/pages\/787\/revisions\/4081"}],"wp:featuredmedia":[{"embeddable":true,"href":"http:\/\/memoire.mile-end.qc.ca\/fr\/wp-json\/wp\/v2\/media\/1161"}],"wp:attachment":[{"href":"http:\/\/memoire.mile-end.qc.ca\/fr\/wp-json\/wp\/v2\/media?parent=787"}],"curies":[{"name":"wp","href":"https:\/\/api.w.org\/{rel}","templated":true}]}}

<p></p>
<div class="row widget-area">
<div class="span4 fp-one">
<div class="widget-front">
<div class="thumb-wrapper "><img loading="lazy" class="attachment-tc-thumb tc-thumb-type-thumb wp-post-image" src="/wp-content/uploads/histoire-270x250.png" alt="Histoire du Mile End" width="270" height="250" /></div>
<h2>Histoire du Mile End</h2>
<p class="fp-text-one">Chapitres d&#8217;une histoire détaillée du quartier par Yves Desjardins. Une version revue et corrigée a été publiée en 2017 aux éditions du Septentrion.</p>
<p><a class="btn btn-primary fp-button" title="Histoire du Mile End" href="/?cat=25&amp;lang=fr">En savoir plus »</a></p>
</div>
</div>
<div class="span4 fp-two">
<div class="widget-front">
<div class="thumb-wrapper "><img loading="lazy" class="attachment-tc-thumb tc-thumb-type-thumb wp-post-image" src="/wp-content/uploads/capsules-270x250.png" alt="Capsules historiques" width="270" height="250" /></div>
<h2>Capsules historiques</h2>
<p class="fp-text-two">Rédigés par des membres et amis de Mémoire du Mile End</p>
<p><a class="btn btn-primary fp-button" title="Capsules historiques" href="/?cat=26&amp;lang=fr">En savoir plus »</a></p>
</div>
</div>
<div class="span4 fp-three">
<div class="widget-front">
<div class="thumb-wrapper "><img loading="lazy" class="attachment-tc-thumb tc-thumb-type-thumb wp-post-image" src="/wp-content/uploads/capsules-270x250.png" alt="Portraits du quartier" width="270" height="250" /></div>
<h2>Portraits du quartier</h2>
<p class="fp-text-two">Des portraits de quelques personnes qui ont marqué le quartier dernièrement. De l&#8217;histoire récente et plus personnelle.</p>
<p><a class="btn btn-primary fp-button" title="Portraits du quartier" href="/?cat=36&amp;lang=fr">En savoir plus »</a></p>
</div>
</div>
</div>
<p></p>

<p>Histoire du Mile End Chapitres d&#8217;une histoire détaillée du quartier par Yves Desjardins. Une version revue et corrigée a été publiée en 2017 aux éditions du Septentrion. En savoir plus » Capsules historiques Rédigés par des membres et amis de Mémoire du Mile End En savoir plus » Portraits du quartier Des portraits de quelques personnes [&hellip;]</p>
